of 59515825.
5, 2380633
What are the prime factors of 49236300?
2, 3, 5, 227, 241
What are the prime factors of 259470683?
977, 265579
What are the prime factors of 2349393945?
3, 5, 156626263
What are the prime factors of 405906940?
2, 5, 359, 56533
What are the prime factors of 5980584?
2, 3, 211, 1181
List the prime factors of 61504030.
2, 5, 7, 878629
List the prime factors of 107825542.
2, 11, 509, 9629
What are the prime factors of 1628776483?
439, 709, 5233
What are the prime factors of 188823730?
2, 5, 509, 37097
What are the prime factors of 153460854?
2, 3, 8525603
What are the prime factors of 1964751289?
6373, 308293
List the prime factors of 2655135.
3, 5, 7, 8429
List the prime factors of 127734743.
73, 487, 3593
What are the prime factors of 4058075352?
2, 3, 169086473
List the prime factors of 1114189257.
3, 371396419
What are the prime factors of 1359985065?
3, 5, 90665671
List the prime factors of 1778081085.
3, 5, 11, 17, 19, 337
List the prime factors of 60155054.
2, 30077527
What are the prime factors of 26745900?
2, 3, 5, 89153
List the prime factors of 684097633.
191, 3581663
What are the prime factors of 2288584472?
2, 17, 16827827
What are the prime factors of 45979170?
2, 3, 5, 1532639
List the prime factors of 2723042241.
3, 613, 493573
What are the prime factors of 28416157?
7, 11, 41, 9001
List the prime factors of 81668973.
3, 19, 31, 46219
List the prime factors of 37590407.
37590407
What are the prime factors of 3077800450?
2, 5, 29, 73, 29077
List the prime factors of 15659669.
17, 921157
List the prime factors of 161174093.
17, 19, 229, 2179
What are the prime factors of 45398005?
5, 47, 193183
What are the prime factors of 106625286?
2, 3, 23, 29, 83, 107
What are the prime factors of 41213732?
2, 7, 1471919
List the prime factors of 31150993.
23, 1354391
List the prime factors of 106460195.
5, 21292039
List the prime factors of 70409833.
13, 41, 59, 2239
List the prime factors of 9455724.
2, 3, 87553
What are the prime factors of 245195121?
3, 2069, 39503
What are the prime factors of 133918970?
2, 5, 167, 80191
List the prime factors of 13752455.
5, 2750491
List the prime factors of 2528827841.
79, 2777, 11527
List the prime factors of 66738594.
2, 3, 13, 23, 37201
What are the prime factors of 125057377?
125057377
List the prime factors of 3398920756.
2, 7, 11, 29, 380533
List the prime factors of 1670274038.
2, 17, 3931, 12497
List the prime factors of 488785245.
3, 5, 13, 79, 31729
What are the prime factors of 429305137?
41, 10470857
What are the prime factors of 46007323?
1579, 29137
List the prime factors of 8909547.
3, 17, 97, 1801
What are the prime factors of 85357175?
5, 3414287
List the prime factors of 410896654.
2, 7, 47, 89209
What are the prime factors of 916790131?
47, 53, 113, 3257
What are the prime factors of 7949503?
7949503
List the prime factors of 2463766583.
2463766583
What are the prime factors of 121360522?
2, 59, 1028479
List the prime factors of 159033726.
2, 3, 2945069
What are the prime factors of 187186422?
2, 3, 17, 1835161
List the prime factors of 420998173.
37, 277, 41077
What are the prime factors of 1206888073?
1206888073
List the prime factors of 502758492.
2, 3, 3691, 11351
What are the prime factors of 2630368269?
3, 199, 489553
List the prime factors of 12066980.
2, 5, 603349
List the prime factors of 217493122.
2, 7, 11, 67, 107, 197
What are the prime factors of 85692303?
3, 29, 109441
What are the prime factors of 1530924967?
11, 13, 10705769
What are the prime factors of 874289421?
3, 97, 193, 5189
List the prime factors of 25749259.
23, 61, 18353
What are the prime factors of 545658811?
545658811
What are the prime factors of 12893004?
2, 3, 17, 21067
List the prime factors of 6206160846.
2, 3, 43, 73, 329519
What are the prime factors of 1378896840?
2, 3, 5, 3830269
What are the prime factors of 6558219076?
2, 2239, 732271
What are the prime factors of 1113295162?
2, 7, 181, 241, 1823
What are the prime factors of 3884812323?
3, 7, 184991063
What are the prime factors of 100082685?
3, 5, 6672179
What are the prime factors of 45413343?
3, 571, 8837
List the prime factors of 5590173.
3, 23, 81017
List the prime factors of 125481734.
2, 7, 509, 17609
What are the prime factors of 744838406?
2, 13, 28647631
List the prime factors of 5230716771.
3, 7, 249081751
What are the prime factors of 60178646?
2, 11, 317, 8629
List the prime factors of 172306274.
2, 7, 12307591
What are the prime factors of 465889677?
3, 11, 14117869
List the prime factors of 78650861.
19, 397, 10427
List the prime factors of 4381952852.
2, 1095488213
List the prime factors of 1776059594.
2, 47, 18894251
List the prime factors of 1630645056.
2, 3, 19, 37, 4027
List the prime factors of 302176583.
47, 59, 108971
List the prime factors of 151086981.
3, 967, 52081
List the prime factors of 47916752.
2, 13, 230369
What are the prime factors of 1549529136?
2, 3, 23, 277, 563
What are the prime factors of 49459805?
5, 149, 197, 337
List the prime factors of 487353501.
3, 17, 3185317
What are the prime factors of 73947157?
157, 449, 1049
What are the prime factors of 13057929?
3, 37, 4357
What are the prime factors of 22670066?
2, 139, 81547
List the prime factors of 4436121.
3, 1478707
List the prime factors of 1390288835.
5, 13, 21389059
What are the prime factors of 275562409?
275562409
What are the prime factors of 5240699682?
2, 3, 873449947
List the prime factors of 604843864.
2, 179, 422377
What are the prime factors of 1967325877?
11, 389, 459763
What are the prime factors of 162898862?
2, 7, 17, 31, 22079
What are the prime factors of 274769549?
59, 1429, 3259
List the prime factors of 82325281.
71, 997, 1163
What are the prime factors of 28856218?
2, 29, 497521
What are the prime factors of 32556691?
32556691
List the prime factors of 146895475.
5, 83, 70793
List the prime factors of 5117727.
3, 397, 4297
List the prime factors of 97411832.
2, 7, 59, 29483
What are the prime factors of 68807208?
2, 3, 19, 150893
List the prime factors of 2651293812.
2, 3, 23, 271, 35447
List the prime factors of 227317811.
7, 4639139
List the prime factors of 2829278664.
2, 3, 1783, 22039
List the prime factors of 46497573.
3, 431, 11987
List the prime factors of 116512212.
2, 3, 157, 61843
What are the prime factors of 104933430?
2, 3, 5, 7, 166561
List the prime factors of 16958492.
2, 71, 211, 283
What are the prime factors of 155996998?
2, 17, 269891
What are the prime factors of 76793594?
2, 181, 307, 691
List the prime factors of 27361310.
2, 5, 2736131
List the prime factors of 31568942.
2, 263, 60017
What are the prime factors of 72549527?
53, 59, 23201
What are the prime factors of 942646184?
2, 117830773
List the prime factors of 77568330.
2, 3, 5, 7, 29, 47, 271
List the prime factors of 904661170.
2, 5, 7, 47, 274973
List the prime factors of 96277242.
2, 3, 16046207
What are the prime factors of 1442015939?
7, 13, 17, 73, 113
What are the prime factors of 128904711?
3, 13, 3305249
What are the prime factors of 50500276?
2, 79, 159811
List the prime factors of 220704299.
107, 2062657
List the prime factors of 29096151.
3, 7, 197933
List the prime factors of 64509396.
2, 3, 7, 127, 6047
What are the prime factors of 29041418?
2, 7, 67, 4423
List the prime factors of 1769130560.
2, 5, 23, 240371
List the prime factors of 167818733.
1553, 108061
List the prime factors of 69701731.
11, 53, 119557
List the prime factors of 34648745.
5, 1097, 6317
What are the prime factors of 1400096901?
3, 7, 66671281
List the prime factors of 799324592.
2, 11, 43, 105619
List the prime factors of 2375350498.
2, 41, 151, 4679
What are the prime factors of 50483704?
2, 59, 106957
What are the prime factors of 1294243475?
5, 7, 7395677
List the prime factors of 280245024.
2, 3, 973073
What are the prime factors of 50109809?
103, 486503
List the prime factors of 267469439.
157, 1703627
What are the prime factors of 540808802?
2, 270404401
What are the prime factors of 28821560?
2, 5, 733, 983
What are the prime factors of 249924632?
2, 19, 86539
List the prime factors of 228984370.
2, 5, 22898437
What are the prime factors of 32937711?
3, 241, 45557
List the prime factors of 146359170.
2, 3, 5, 542071
List the pr